10. Let b(i) = -3*i + 1. What is b(z)?
-5
Let c(w) = -w**3 + 12*w - 17. Let o(a) = -125 + 16*a - 5*a + 110 - 2*a**2 - a**3. Let r(q) = -3*c(q) + 4*o(q). Determine r(-9).
0
Let c(w) = 2*w - 8. Let h(k) = -8*k**2 + k + 2. Let q be h(2). Suppose -t + 5*y - 37 = 0, 231*y = 2*t + 235*y + 32. Let l = t - q. Give c(l).
4
Let u(t) = -5*t - 7. Let j = -102 - -107. Let b(p) = 4*p + 6. Let v(d) = j*u(d) + 6*b(d). Determine v(9).
-8
Let j(r) = -7*r**3 - 14*r**2 - 36*r - 8. Let l(y) = 8*y**3 + 15*y**2 + 37*y + 8. Let f(g) = 9*j(g) + 8*l(g). Determine f(9).
-17
Suppose 0 = 3*v + 6*z + 18, -23*z - 30 = -18*z. Let d(k) = k**3 - 5*k**2 - 4*k - 19. What is d(v)?
-7
Suppose 14*w = -2*w + 6160. Let s(n) = 2 - 386*n**3 + 5*n + w*n**3 + 6*n**2 + n. Calculate s(6).
38
Let v(j) = 2*j**2 + 41*j + 155. Let w be v(-4). Let l(m) = -m**2 + 16*m + 163. Calculate l(w).
2
Let q(b) be the first derivative of -b**4/4 - 5*b**3/3 + b**2/2 + 1. Let s(k) = -23*k**2 - 1147*k + 146. Let v be s(-50). Determine q(v).
-20
Let u be (9 - 10 - -7)*((-20)/(-15))/2. Let d(z) = -z**3 - z**2 + z. Let g(s) = 2*s**3 - 2*s**2. Let f(y) = -d(y) - g(y). Calculate f(u).
-20
Let h(r) be the second derivative of r**4/6 - r**3/3 - 7*r**2/2 - 135*r. Let d be h(-2). Let j(g) = g**3 - 4*g**2 - 5*g + 6. Give j(d).
6
Let b(u) = u**3 + 6*u**2 + 7*u + 2. Let j be b(-6). Let q = j - -45. Let i(w) = 4 - 2 + 2*w - 4 + q. Determine i(-6).
-9
Let y(d) be the third derivative of -d**6/120 - 29*d**5/60 + 7*d**4/6 - 12*d**3 - 2021*d**2. What is y(-30)?
-12
Let o(f) = 24 - f**2 - 7*f + 0*f**2 - 49 + 10. Suppose 0 = -0*g - 4*g - 20. Let x be o(g). Let k(p) = -2*p - 6. Determine k(x).
4
Let x(s) = 3*s + 6. Suppose -4*f = 5*g - 38, -3*f + 24 = -f + 5*g. Suppose -2*a - 5*a = f. Let c be a/(((-2)/9)/(12/(-9))). What is x(c)?
-12
Let v(x) = -5*x. Let s(y) = -y**3 + 3*y**2 + 17*y + 2. Let d(a) = -s(a) - 3*v(a). Let b = 1 - -2. Suppose i + 6 = b*i. Determine d(i).
-8
Let k(j) = 9*j + 11. Let r(u) = 2*u + 1. Let w(h) = -k(h) + 4*r(h). Suppose -x - 12 = 4*t, t + 0*t + x = 0. Calculate w(t).
-3
Let z(x) = 5*x**2 - x - 1. Let a(p) = -2*p**3 - 19*p**2 + 13*p + 34. Let c be a(-10). Suppose -485*r = -489*r - c. What is z(r)?
5
Let i(v) = -v + 21. Let z be -215 + 216 - 1*4. Determine i(z).
24
Let v(s) = 0*s - 1 - 8*s**2 + 0*s - 1 - 4 + 6*s. What is v(2)?
-26
Let m(q) = q**2 + 2*q - 18. Let i be (4 + 2)*(-17)/(-34). Let p be m(i). Let h(n) = -8*n - 2. What is h(p)?
22
Let l(w) = 27*w + 243. Let o(f) = 6*f + 49. Let k(m) = -2*l(m) + 11*o(m). Give k(-5).
-7
Let z(w) = -w + 7 + 7 - 32*w**2 + 7 - 27 + 8. What is z(1)?
-31
Suppose j + 15*g - 17*g + 2 = 0, 12 = 5*j + g. Let k(s) = -54*s**j + 3*s + 68*s**2 - 4*s + s + 1. Give k(1).
15
Suppose 0 = -6*i + 8*i - 4. Let p(m) = 6 + 2*m - 5*m + 229*m**2 - 228*m**i. Give p(4).
10
Suppose 0 = -5*h - 10, 6*i - 2*i = -4*h - 12. Let p(q) = -1836*q + 12. Let y(b) = 4776*b - 30. Let t(m) = 13*p(m) + 5*y(m). Determine t(i).
-6
Let x(g) = -9*g - 202. Let o be x(-23). Let h be (-18 + 4 + o)/(-3). Let q(r) = r**3 - 2*r**2 - 2*r - 3. Give q(h).
0
Let d(p) = -2*p**2 + p - 1. Suppose 13*r + 405 - 2771 = 0. Let m = r + -180. Give d(m).
-7
Let a(g) be the third derivative of 0 + 2/3*g**4 + 91*g**2 - 1/2*g**3 + 0*g. Determine a(3).
45
Let b(d) = -5*d**2 + d + 5. Suppose 4*w = -5*q + 28, 160*q + 22 = w + 165*q. What is b(w)?
-13
Let q(m) = -3*m - 1. Let c(y) be the second derivative of -8*y**3/3 - 3*y**2 - y - 73. Let o(b) = -2*c(b) + 11*q(b). Calculate o(3).
-2
Let y be 5/(-4) + (-1826)/88. Let n(z) = 5*z + 105. What is n(y)?
-5
Let c(j) = 2 - 1 - 4*j**3 + j**3. Suppose -2*i + 5*r = 29, r = 634*i - 633*i + 7. What is c(i)?
25
Let q(f) be the third derivative of -f**6/120 - f**5/6 - f**4/24 - 4*f**3/3 - 5*f**2 + 90. Calculate q(-10).
2
Let o(r) be the third derivative of r**8/6720 - r**7/840 + r**6/360 + r**5/60 - 13*r**4/6 - 45*r**2. Let s(q) be the second derivative of o(q). Calculate s(4).
26
Suppose -108*i + 23*i = -14*i + 2272. Let q(c) = -18*c - 581. Determine q(i).
-5
Let t(b) = -4*b - 29. Let p(f) = 23*f + 174. Let r(g) = 3*p(g) + 17*t(g). What is r(-4)?
25
Let q(l) = -27*l**2 - 56*l**3 + 47*l + 58 + 165*l**3 - 61*l**3 - 47*l**3. Give q(25).
-17
Let h(i) = i**2 + 4*i - 1. Let u = 20278 - 20284. Give h(u).
11
Let x(o) = 21*o - 56. Let d = 22867 - 22863. What is x(d)?
28
Suppose 10*z - 13 = 37. Suppose -5*v + 5 = -z*c, 2*c - c + 4*v + 1 = 0. Let n(p) = -18*p**3 + p**2. Calculate n(c).
19
Let j be ((-3)/8)/((-132)/1232)*(-16)/(-14). Let i(o) = -o**2 + 8. What is i(j)?
-8
Let y(l) = 3*l**2 + 975*l + 2 + l**3 - 976*l - 2. Let s(p) = 3*p**3 + 4*p**2 + 6. Let u(f) = s(f) - 4*y(f). Give u(-8).
-26
Let s(b) = b**2 - 8*b - 1. Let t(n) be the third derivative of -n**4/24 + 2*n**3 - 47*n**2. Let d be t(4). Calculate s(d).
-1
Let j(f) = -5 + 28 + f + 44 - 26. Determine j(-36).
5
Let n(s) = -s**3 + 8*s**2 + 4*s - 33. Let a be n(8). Let k(l) = -3*l - 6. Let h(i) = -3*i - 5. Let c(p) = 7*h(p) - 6*k(p). Determine c(a).
4
Let g be (-6)/4 + 24/(-48). Let l = 1 - -1. Let t(j) = j - 5*j**2 + 0*j + 3*j**l + 2. What is t(g)?
-8
Suppose 5 - 30 = -5*w. Let a(y) = -2 + 8 + 3*y - w*y. Suppose 8*c - t = 9*c + 3, 0 = 8*c + 5*t. Calculate a(c).
-4
Let i(r) = 3*r**2 - 5*r - 3. Let j(h) = 2*h**2 - 6*h - 4. Let t(d) = -4*i(d) + 3*j(d). Let k be 3/(-12) - 14/8. Determine t(k).
-28
Let z = -8213 - -8199. Let r(x) = 0*x + x + 22 + 5. Give r(z).
13
Suppose 75*k - 162*k = -80*k + 63. Let u(v) be the third derivative of -v**6/120 - v**5/6 - v**4/3 + 11*v**3/6 + 19*v**2. What is u(k)?
2
Suppose 57*l = 39*l - 198. Let i(w) = -5*w**2 + 24*w - 30. Let b(k) = -k**2 + 5*k - 6. Let p = 0 - -2. Let x(m) = l*b(m) + p*i(m). Calculate x(5).
-4
Suppose 31 - 21 = 2*w. Suppose 0 = -0*c - 4*c + w*n + 12, 0 = -n. Let r be 5/c + (-4)/(-12). Let z(j) = -j**2 - j + 1. Determine z(r).
-5
Let q be (-6)/(0 + 2) - 2/(-2). Suppose -2*t + 58 = -38. Let d(o) = 1 - o**3 - 49*o + t*o - 2 - o**2. What is d(q)?
5
Let b be (1236/927)/((-1)/(-9)). Let u(o) = 50*o - 594. Give u(b).
6
Let n(l) = -2*l**3 - 53*l**2 - 27*l - 37. Let u be (1*13/(-4))/((-112)/128 - -1). Determine n(u).
-11
Let a(b) be the third derivative of b**6/120 + 7*b**5/60 + b**4/24 + 5*b**3/2 + 3*b**2 - 447*b. Determine a(-7).
8
Let q(b) be the third derivative of -1/24*b**4 + 0*b**3 + b**2 - 1/60*b**5 + 0*b + 0 - 1/720*b**6. Let k(i) be the second derivative of q(i). Determine k(-3).
1
Let l(n) = -3*n**2 + 2*n - 1. Let s = 193 + -185. Let q be (-1)/(-6) - 2/12. Suppose -8*u + q = -s. Determine l(u).
-2
Let f(d) be the second derivative of -d**4/6 - 5*d**3/6 - 35*d**2/2 - 3*d - 96. Let z(t) be the first derivative of f(t). Calculate z(-2).
3
Let v(t) = t**3 - 6*t**2 + 7*t + 7. Let q = -52 - -56. What is v(q)?
3
Let m(j) = j**3 + 58*j**2 + 218*j + 100. Let c be m(-54). Let s(n) = n**3 + 7*n**2 - 7*n + 6. Determine s(c).
-2
Let f be -24*(-21)/6 - (1 - 2). Let o = f + -70. Suppose -5*t + 5 + 10 = -5*z, z + 3*t + o = 0. Let u(s) = s**2 + 8*s + 8. Determine u(z).
-4
Let m(p) = 2074*p**3 - 33*p**2 + 28*p - 2073*p**3 - 84 + 22*p**2. What is m(9)?
6
Let l(t) = -16*t**2 - 6*t - 78. Let c(o) = -13*o**2 - 5*o - 77. Let i(f) = -7*c(f) + 6*l(f). Let r(s) be the first derivative of i(s). Determine r(-2).
19
Let w(m) be the third derivative of -m**6/30 + m**5/60 - m**3/6 + 9*m**2. Let l = 91 + -241. Let z = 149 + l. Calculate w(z).
4
Let u(w) = 17 + 1897*w**2 - 17*w - 9 - 1895*w**2. Determine u(8).
0
Let p(l) = 4*l**3 - 4*l**2 - 6*l + 2. Suppose -2*j = j - 3. Let a(q) = q**3 - 2*q**2 - 1. Let g(h) = j*p(h) - 5*a(h). What is g(5)?
2
Let h(u) be the second derivative of u**5/20 - u**4/3 - u**3/6 + 3*u**2 - 1609*u. Give h(5).
26
Let h(k) = 2*k**2 + 66*k - 212. Let g be h(-36). Let c(i) = i**2 - 6*i + 5. Determine c(g).
-3
Suppose 15*r = -0*r - 2385. Let f = 160 + r. Let c(x) = 8*x. Give c(f).
8
Let d(x) = x + 1. Suppose 5*q - 39 = -19. Suppose 6*y + 14 = 5*y - q*m, 2*y + 25 = -5*m. Give d(y).
-9
Let m(b) = -8*b - 12. Let u(g) = -20 + 21*g - 15 + 9*g - 53*g. Let i(r) = -17*m(r) + 6*u(r). What is i(7)?
-20
Let s be (-4)/(-2) + -3 - 8. Let v be 0 + s/(-6) + (-2)/(-4). Let l be -4 - 12/(-3)*v. Let t(f) = -f**3 + 4*f**2 - f. Give t(l).
-4
Let v(w) = -47 - w + 38 + 5. Determine v(-5).
1
Let r(s) = -154*s - 32. Let m(t) = 62*t +